 = 2*z - d. What is the tens digit of j?
3
Let b = 69 + -107. What is the units digit of (b/4 - 1)*10/(-3)?
5
Suppose 2*k + 6 = 5*k. Let c be -9*(k + -3)*16. Suppose 0 = 4*z - z - c. What is the tens digit of z?
4
Let a = -33 + 43. Suppose -a*l - 5*l = -15. What is the units digit of l?
1
Suppose 34 = 3*u - 2*b, 3*b = 3*u + 4*b - 37. Let w be (9/u)/((-4)/(-288)). Let r = -29 + w. What is the units digit of r?
5
Let g(j) be the first derivative of 7*j**4/12 + j**3/6 + 6*j - 1. Let y(z) be the first derivative of g(z). What is the units digit of y(-1)?
6
Let i(w) = w**3 + 15*w**2 + 11*w + 9. Let f be i(-14). Suppose -f = -5*d + 239. Suppose -6*s + 56 + d = 0. What is the units digit of s?
9
Let q(d) = d**3 - 8*d**2 + 2*d - 28. What is the hundreds digit of q(11)?
3
Suppose 0 = 3*b - 5 - 10. Suppose -b*c + 1144 = 3*c. What is the tens digit of c?
4
Let n be (520/182)/(3/(-21)). Let s(c) = 15*c - 2. Let a be s(2). Let z = a + n. What is the units digit of z?
8
Let k = -69 + 141. What is the tens digit of k?
7
Suppose -22*k + 15913 = -7077. What is the tens digit of k?
4
Suppose 3 = -a - a + 5*y, -5*a - 2*y - 22 = 0. Let p be (-1)/(a - -3) + 2. Suppose -p*i = i - 172. What is the tens digit of i?
4
Let q be 44/(-55) - 288/(-10). Suppose 0 = -z + 4*i + 1, -i = 2*z + i + q. Let p = 51 + z. What is the tens digit of p?
4
Let d(w) = 6*w - 6*w + 28 + 3 + 11*w. What is the units digit of d(11)?
2
What is the tens digit of 32*(-132)/(4 - 10)?
0
Let h(j) = 1118*j - 54. What is the units digit of h(1)?
4
What is the hundreds digit of (35/(-20))/((-13383)/2676 - -5)?
5
Suppose -5*o = 4*p - 2704, -30*p = 3*o - 33*p - 1617. What is the hundreds digit of o?
5
Let a(v) = -v**3 - 5*v**2 - v - 3. Let x be ((-75)/(-45))/((-2)/6). What is the units digit of a(x)?
2
Let z = -1521 + 2264. What is the hundreds digit of z?
7
Let q(f) = f**3 - f**2 - f - 3. Let s(b) = b**2 - 7*b - 9. Let l be s(8). Let x be 12/(-8)*(-1 + l). What is the units digit of q(x)?
2
Let c = 1061 - -179. What is the thousands digit of c?
1
Let g = 9 + -7. Let v be (-67)/g*-2 + -2. Let w = v - 38. What is the units digit of w?
7
Let q(p) = -50*p**3 + p**2 + 5*p - 16. What is the tens digit of q(-5)?
3
Let f(i) = 123*i + 44. What is the units digit of f(4)?
6
Let a = -238 - -544. Let n = 433 - a. What is the tens digit of n?
2
Let q = -217 + 901. What is the hundreds digit of q?
6
Let n = -67 - -105. Suppose 68*q + 36 = 86*q. Suppose 2*y = -q*g + n, 80 = 4*g - 0*g + 3*y. What is the units digit of g?
3
Suppose 5*y + 477 = 8*y. Suppose c + 3*c = 3*w + 179, -4*c = w - y. What is the units digit of c?
1
Suppose -3*n = -4*n, 3*z - 5*n + 21 = 0. Let a(i) = -i**3 - 6*i**2 + 7*i. Let c be a(z). Let j(q) = -q**3 + q**2 + 21. What is the tens digit of j(c)?
2
Let s(y) = -80*y - 79. What is the hundreds digit of s(-9)?
6
Let u = -2550 + 3646. What is the tens digit of u?
9
Let s = -8 + 10. Suppose -4*y + 3*w + 4 = -10, 4*w - 28 = -4*y. Suppose -3*z + 42 = -y*n + 9, -s*z + 38 = 2*n. What is the units digit of z?
6
Suppose 0 = 4*y - 3*o - 15, o + 10 = -o. Suppose t - 6*t - 2*v - 2 = y, 4*v = 3*t - 4. What is the units digit of 27/((t - 2)/(-2))?
7
Suppose 3*y - 5*f + 4*f + 32 = 0, -5*f - 32 = y. Let c = 5 + y. Let o = 1 - c. What is the units digit of o?
8
Let w(i) = i**3 + 15*i**2 + 16*i + 15. Let v be w(-14). Let b = 14 + v. What is the tens digit of (b - 3) + (-26)/(-1)?
2
Suppose 2*i - 998 = 2*k, i - 2*k - 398 = 103. What is the hundreds digit of i?
4
Let w be (1 - 1)*(-23)/(-46). Let v(n) = 3*n - 3. Let g be v(2). Suppose 2*y + p - 36 = w, 5*y + g*p = y + 72. What is the tens digit of y?
1
Suppose 4*b - 9414 = 5*k, 5491 = 5*b - 2*k - 6285. What is the tens digit of b?
5
Let x(k) = -k**3 + 7*k**2 + 18*k + 3. Let n be x(9). Suppose -n*o - 118 = -3*s + 38, -4*s + 3*o + 208 = 0. What is the units digit of s?
2
Let q(v) = v**2 - 12*v + 19. Let j be q(10). What is the units digit of ((54/(-4))/(-3))/(j/(-26))?
7
Suppose -8552 - 49040 = -23*x. What is the tens digit of x?
0
Let q = -13 + 16. Suppose -126 = -6*n + q*n. Suppose -45 = -3*i + n. What is the units digit of i?
9
Suppose -6 = -4*m - 18. What is the tens digit of (-4)/(-10) - (-1246)/(-30)*m?
2
Let y = -28 + 12. Let m = 7 + y. Let q(a) = -a**3 - 9*a**2 - 4*a - 11. What is the units digit of q(m)?
5
Suppose d - 5*d = 0. Let z(i) = i**3 - i**2 + i - 94. Let h be z(d). Let a = -67 - h. What is the units digit of a?
7
Suppose -18*f = 9*f - 4671. What is the hundreds digit of f?
1
Let d(i) = -i**2 + 36*i + 45. What is the tens digit of d(21)?
6
Let v be (((-3)/6)/(1/10))/(-1). Suppose -5*c = 15, -v*k + 198 = 3*c + c. What is the units digit of k?
2
Suppose s - 3*s = 2*p + 2, p - 4*s = 19. Suppose 0 = p*g - 2*g - 21. Suppose -181 = -5*u - g. What is the tens digit of u?
3
Let a(w) = -w**2 - 10*w + 14. Let g(o) = o - 6. Let q be g(9). Suppose 0*m + q*m + 9 = 0, -5*y = -4*m + 18. What is the units digit of a(y)?
8
What is the tens digit of 3 + 932/(1 + 1)?
6
What is the hundreds digit of (24/20)/(-1*12/(-3030))?
3
Suppose 0 = 22*o + 42 + 2. Let t = -1 + 0. What is the units digit of t*(-2 + o - 34)?
8
Let s be (-1626)/(-24) + (-1)/(-4). Let p = 20 + s. What is the tens digit of p?
8
Let v(p) = p**3 - 2*p**2 - 3*p + 4. Let o be v(-3). Let c be ((-54)/(-12))/(1 - (-86)/(-80)). Let y = o - c. What is the units digit of y?
8
Let d(r) = -12*r**3 + r**2 - 1. Let q be d(1). Let x = q - -12. Suppose x = u + 14 - 44. What is the units digit of u?
0
Suppose n - 11198 = -10*n. What is the tens digit of n?
1
Let z be (4 - 2)/(4/110). Let k be (14/(-21) + 39/18)*-22. Let h = k + z. What is the tens digit of h?
2
Let d be 4 + 8/4*-1. Suppose 2*y + 2*y - n = 53, -y - 2*n + d = 0. What is the units digit of y?
2
Let z be -4 + (1 - 1) + 56. What is the units digit of (-51)/2*z/(-78)?
7
Let b = 59 + -49. Suppose 56 - b = 2*t. What is the tens digit of t?
2
Let n(v) = -v + 9. Suppose 5*g = 5 + 20. Let a be n(g). Suppose 7 - 27 = -5*f, a*f + 10 = m. What is the units digit of m?
6
Suppose -2*z - 3*r = -5, -2*z - 2*r + 5*r = -11. What is the units digit of (z/6 - (-1)/3) + 151?
2
Let t(a) = 50*a**2 - 56*a + 20. What is the thousands digit of t(6)?
1
Suppose -3*k - 21 = -0*k. Let x(n) = n**2 + 6*n - 3. Let o(z) = z**2 + 6*z - 2. Let s(g) = 4*o(g) - 3*x(g). What is the units digit of s(k)?
8
Suppose -2*j + 5 = -j + 4*t, -5*j = 5*t + 5. What is the units digit of 3*(44/12 + j)?
2
Let r be 4/(2/6 - 0). Let z be -6 - (-7 - (-6 - -8)). Suppose q + z*v = -2*v + r, q - 20 = 3*v. What is the units digit of q?
7
Let b = -13 + -2. Let f = 19 + b. Suppose 0 = i - 15 - f. What is the units digit of i?
9
Let s be (-2)/(-3) - 74/3. Suppose 0 = -3*m + 7*m + 4*o - 132, 2*m - 63 = -o. Let a = s + m. What is the units digit of a?
6
Suppose 87*m = 94*m - 14322. What is the thousands digit of m?
2
Let z be 6/1 - (-1 - -3). Suppose -z*w - 254 = -8*w - 3*h, -122 = -2*w + h. What is the tens digit of w?
6
Let j = -70 + 152. Suppose -4*z + j + 154 = -2*o, 0 = 3*z + 5*o - 164. What is the tens digit of z?
5
Let h = 2 - -4. Suppose 0*v = h*v - 120. Suppose -v = 3*x - 7*x. What is the units digit of x?
5
Let x = -1 - -108. Let b = x - 39. What is the units digit of b?
8
Suppose s - 4*y + 2*y = 62, 5*s - 3*y = 310. Let m = s - 16. What is the units digit of m?
6
Let p = -31 - -6. Let f = p + 32. What is the units digit of f?
7
Let h = 318 - 142. Suppose 7*y = 11*y - h. Suppose -k + 2*u = -0*k - y, 5*k - 202 = u. What is the tens digit of k?
4
Suppose 5*b - 25 = 3*j + 17, -4*b + 8 = 4*j. Let k = b - -8. What is the tens digit of k?
1
Let y be 32*((4 - 6) + -1). Let d = 169 + y. What is the tens digit of d?
7
Let f(k) = k + 8. Let b be f(-4). Suppose 2*p - b*r + 0*r = 6, 0 = 2*r - 2. Let s = p + 11. What is the tens digit of s?
1
Suppose -4*d - 3912 = -10*d. Suppose -g - 4*o = 2*g - d, 5*g + 4*o - 1092 = 0. What is the units digit of g?
0
Let g(h) = 67*h - 38. What is the hundreds digit of g(25)?
6
Suppose 2*p + j + 9417 = 6*p, p - 2361 = -2*j. What is the hundreds digit of p?
3
Let b be 9/4 - (-12)/16. Let q be (-60)/40*(-4)/b. Suppose q*r = 4*i - 268, 0*r - 5*r = 3*i - 175. What is the units digit of i?
5
Let w be ((-3)/2)/(7/(-14)). Suppose t - w*i - 36 = 0, -2*i = -2*t + i + 84. Suppose t = -5*v + 9*v.